 u + 1. Let p(k) = -3*k - 16. Let b(l) = -l + 1. Let r(t) = 2*b(t) - 2*p(t). Let m be (-18 - -24) + (-17 - -1). Let o be r(m). Give c(o).
-5
Let l(s) be the third derivative of 0*s - 1/2*s**3 + 7*s**2 - 1/30*s**5 + 0 - 1/12*s**4. Let a = -158 - -156. Calculate l(a).
-7
Let z(l) be the second derivative of -l**5/20 + 2*l**4/3 + 2*l**3/3 + 29*l**2/2 - 2268*l. Determine z(9).
-16
Suppose f - 3*c = -4*c + 27, 0 = -f - 5*c + 35. Suppose f*a = 34*a - 99. Let j(v) = -v**2 + 14*v - 2. Determine j(a).
31
Let j(h) = -h**3 + 3*h**2 + 2*h + 2. Suppose m = -a - 2*m + 16, -2*m = -a - 4. Let s be 0*(2*a/8 - 2). Suppose 0*q + 6*q - 18 = s. Calculate j(q).
8
Suppose -12*d - 9*d = -294. Suppose 0 = c - 4*c - 2*v - d, c - 7 = -3*v. Let t(r) = r + 3. Give t(c).
-5
Suppose -179*y = -180*y + 4*h - 34, 22 = -4*y - 3*h. Let i(p) = 5*p - 1. Let u(w) = -6*w + 2. Let q(r) = 7*i(r) + 6*u(r). Give q(y).
15
Let x(l) = 7 + 4291*l**2 + 52*l - 56*l - 4299*l**2. Calculate x(-3).
-53
Let q(i) be the first derivative of -8*i**3/3 + i**2/2 - 724. Let k(y) = y**2 + 8*y - 1. Let l be k(-8). Determine q(l).
-9
Let v(b) = 42587*b**2 + 5 - 85172*b**2 + 42588*b**2 + 3*b**3 + 2*b. Give v(-2).
-11
Let n(f) be the second derivative of 0 + 0*f**2 + 0*f**3 - 1/360*f**6 + 1/60*f**5 + f**4 - 26*f. Let g(m) be the third derivative of n(m). What is g(2)?
-2
Let w be (3 + -3)/((-2 - -1)*1). Suppose 5*b = -f, -3*b = -3*f - w*f. Let y(d) = d**3 + 15. Calculate y(b).
15
Let y(n) = -n**3 + 7*n**2 + 2*n - 9. Let a(q) = 2*q**2 + 51*q + 32. Let b = -257 - -232. Let j be a(b). Give y(j).
5
Let m(u) = 4*u**2 - u + 5. Let g = -2199 - -2201. Calculate m(g).
19
Let y(m) = -3*m**2 - 20*m - 4. Let g(x) = 16*x**2 + 102*x + 20. Let a(s) = -4*g(s) - 21*y(s). Calculate a(14).
-24
Let c(k) = -k**3 + 7*k**2 - 2. Let m(u) = -5 - 14*u**2 - u**3 + 2 - u + 21*u**2. Let h(b) = 4*c(b) - 5*m(b). Calculate h(6).
1
Let p = -486 - -484. Let y(u) = -2*u**2 - 5*u + 3. Let d(r) = -2*r**2 - 4*r + 2. Let n(l) = -4*d(l) + 3*y(l). What is n(p)?
7
Let m(a) = -a**3 + 7*a**2 + 10*a + 12. Let b be m(8). Let k = b - -12. Let y be (1/(-2))/(4/k). Let r(w) = -w**3 - 5*w**2 + 3*w - 4. Give r(y).
-19
Let m be 1089/12*(-104)/(-39). Let q = 247 - m. Let y(f) be the third derivative of f**5/60 - 5*f**4/24 - 2*f**3/3 - 2*f**2. Give y(q).
-4
Let v(p) = p + 7. Suppose -2 + 3 = i. Suppose -i = -8*y + 39. Determine v(y).
12
Let i(a) = -2*a**2 + 19*a - 14. Suppose 3*w + 4*v = 38, v = -142*w + 145*w - 13. Determine i(w).
28
Suppose 2*z - 5*g - 110 = 0, 2*z - 22 - 96 = 3*g. Suppose 5*f + z = 50. Let r(j) = j + 6 - 2*j + 2*j. Calculate r(f).
3
Let l(m) = -m**3 + 2*m - 3. Let p(u) = -2*u**3 + 4*u - 5. Let x(v) = 7*l(v) - 4*p(v). Let k(f) = -124*f + 68. Let a be k(5). Let j = 551 + a. Calculate x(j).
0
Suppose -2*p - 7*w + 2*w + 16 = 0, p = 5*w - 22. Let h = p - -4. Let z(m) = -2114*m**2 + 0*m**3 + 2112*m**2 + m**3. Give z(h).
0
Let u(k) = 22*k + 4 + 20*k**3 - 12 - 15*k - 26*k**3. Determine u(1).
-7
Let t(r) = r**3 - 11*r**2 - 22*r - 48. Let z = 1922 - 1909. Give t(z).
4
Let p(f) = 40*f**3 + f**2 + f + 1. Let a(b) = -159*b**3 - 5*b**2 - 2*b + 43. Let d(r) = a(r) + 4*p(r). What is d(0)?
47
Let n(p) = -6 - 6*p - 6*p + 13*p - 7 - 27*p**2. Let s(t) = 23*t**2 + 12. Let m(x) = 6*n(x) + 7*s(x). Give m(6).
6
Let t(w) = -370*w + 855. Let n(f) = 17*f - 39. Let z(o) = 130*n(o) + 6*t(o). Calculate z(5).
10
Let d = -64 - -82. Suppose 2*u - 4*r = -4, 4*r - d = -u - 4*u. Let v(z) = -z + 0 - u + 9. Calculate v(6).
1
Let s(y) = 3 - 2 - 2. Let c(v) = -v**3 + 5*v**2 + 7. Let w(k) = -c(k) - 5*s(k). Determine w(5).
-2
Let l = -26 - -44. Suppose 3*r = -o + 4, o - l = 2*r - 19. Let s(z) = 10*z**3 + 2*z**2 - 2*z + 1. What is s(o)?
11
Let c(r) = 2*r**2 - 5*r - 3. Suppose -3*y - 432 = -75*y. What is c(y)?
39
Let r(t) = 249*t + 1001. Let c be r(-4). Let d(w) = 4*w**2 - w + 8. Determine d(c).
103
Let m(h) = -9*h - 8. Let j(l) = 260*l - 15 + 243*l - 519*l. Let x(k) = -4*j(k) + 7*m(k). What is x(-4)?
0
Let b(z) be the third derivative of z**4/4 + 55*z**3/6 - 1114*z**2. Give b(-8).
7
Suppose -4*b + 4*t - 35 = 9*t, -b - 4*t - 17 = 0. Let z(g) = g**2 - 2*g + 5. Let r(d) = 3*d**2 - 3*d + 11. Let w(y) = -2*r(y) + 5*z(y). Calculate w(b).
-2
Let p be (-22)/(-4) + (-50)/(-100). Suppose 8*y - 4*y - 16 = 0. Suppose b = -y + p. Let j(v) = -v - 1. Calculate j(b).
-3
Let q = 12 - 13. Let r(j) = -93*j**2 + 1 + 185*j**2 + j - 93*j**2 + 14*j**3. Give r(q).
-15
Let r(g) be the second derivative of -g**4/6 + 17*g**3/6 - 4*g**2 + 74*g. Let x be r(8). Let h(q) = q**2 - q - 12. What is h(x)?
-12
Let u(z) = -z**3 - 6*z**2. Let i be u(-7). Suppose 65*p + 65*p - 5452 = 14*p. Let v = i - p. Let s(b) = 3*b**3 - 2*b**2 - b + 1. Determine s(v).
15
Let k(o) = -o + 8. Suppose 110 = 2*w + 2*w + 5*d, 2*d = w - 21. Suppose -v + 2*v - w = 0. Let y be v/4 - 1/4. Give k(y).
2
Let o(f) = -f**3 - 21*f**2 + 22*f - 9. Suppose 131 + 55 = -17*c - 188. Determine o(c).
-9
Let z(m) = -15*m + 1. Let k be -1*(-4)/(-8)*-14. Suppose 2*v + 25 = k*v. Suppose -3*a - c = 0, -2*a + v*c = -3*a - 14. Give z(a).
-14
Let r be 120/21 - (-2)/7. Suppose 0 = -n + r - 5. Let a(t) be the first derivative of -8*t**3/3 + t**2 - t + 540. Determine a(n).
-7
Suppose 2*m - 2*o = 32, 83*m - 86*m = 4*o + 8. Let y(s) = s**2 - 4*s - 9. Calculate y(m).
23
Let j be 5 - (1/1 + (0 - -2)). Let r(f) = 7 - 167*f**2 + 168*f**j - 4 + 8*f. Let n(l) = -4*l + 2. Let i be n(2). Calculate r(i).
-9
Let c be 2/((-28)/(-102)) + (-1226)/4291. Let d(r) = r - 6. Let g(m) = -4*m + 25. Let h(u) = 18*d(u) + 4*g(u). Calculate h(c).
6
Let j(q) = -7*q - 35. Let d be j(-6). Let z(s) = s**3 - 9*s**2 + 16*s - 7. Let g be z(d). Let y(b) = -3 + 0 + 2*b - 3. Calculate y(g).
8
Let t(l) = -l**3 - 6*l**2 + 4*l + 22. Let w be 30/(-4)*(-836)/(-1045). Determine t(w).
-2
Let v be ((-10)/(-90) + (-10)/(-45))/((-3)/63). Let d(l) = -17*l - 21. Give d(v).
98
Let k(w) = 5*w**2 + 21*w + 259. Let y be k(-9). Let b = 478 - y. Let h(x) = -x**2 - 4*x + 4. Give h(b).
-17
Suppose 0 = 4*k + 12, -f + 8 = -0*f - 2*k. Let z be 2/(f/(-5))*2. Let b(d) be the second derivative of d**4/12 + 5*d**3/3 + 7*d**2/2 + 9*d - 11. What is b(z)?
7
Let j(g) = -1595*g**2 - 3*g + 399*g**2 + 13 + 396*g**2 + 401*g**2 + 398*g**2. Calculate j(5).
-27
Suppose -152 + 275 = 20*z + 143. Let h(p) = 12*p**3 + 5*p**2 + 3*p - 1. Determine h(z).
-11
Suppose 5*o + 157 - 157 = 0. Let t(k) = -2*k**2 - k + 2. Let p(u) = 7*u**2 + 3*u. Let c(b) = -p(b) - 3*t(b). What is c(o)?
-6
Let h(n) be the first derivative of 21 + 13*n - 1/2*n**2. Determine h(0).
13
Let n(f) be the third derivative of -f**6/120 + f**5/20 + f**4/8 + f**3 + f**2 - f + 203. Determine n(4).
2
Let k(a) = -4*a - 12. Let t(x) = -5*x**2 - 19*x - 6. Let d be t(0). What is k(d)?
12
Suppose 4*s - 304*l + 306*l - 6 = 0, 2*l - 6 = -s. Let g(c) = -7*c + 11. Calculate g(s).
11
Let g(a) = -40*a + 29. Let w be g(-1). Let c(x) = x + 112 + 0*x - w - 57. Give c(8).
-6
Suppose 38*x - 4075 = 63*x. Let u = -166 - x. Let n(a) be the third derivative of a**6/120 + a**5/20 + a**4/24 + a**3/6 + a**2. Give n(u).
-2
Let j be (7 - 7)/(8 - 1 - (-35 + 43)). Let d(u) = 4*u**3 - 5*u**3 - 4*u**2 + 5*u**2. Calculate d(j).
0
Suppose -192 = -81*x + 328 - 115. Let q(k) = 6*k + 13. Give q(x).
43
Let g be (-1)/(-5)*-16*(-510)/1088. Let a(u) be the second derivative of 28*u + 0 + 1/3*u**3 + g*u**2. What is a(-2)?
-1
Let i(b) = b**3 + 25*b**2 - 26*b + 3. Let j(r) = -r**3 - 19*r**2 + 42*r - 26. Let z = -594 + 573. Let t be j(z). Determine i(t).
3
Let r(y) = -8275 + 2760 + 2764 - 9*y**2 + 2757 + y**3 + 17*y. Calculate r(6).
0
Let b = -181 - -121. Let h be (-194)/(-6) + 80/b. Suppose -h + 19 = 2*n. Let s(c) = c**2 + 5*c + 2. Determine s(n).
8
Let w be (0 - (-2 + 2))*1. Let n(m) = m**3 + 6*m**2 - 13*m - 650. Let s(i) = 3*i**3 + 17*i**2 - 37*i - 1842. Let l(b) = 17*n(b) - 6*s(b). Give l(w).
2
Let u be (-10266)/(-2006) + 2/(-17) - 5. Let m(t) = -1 + 1 - 35*t + 34*t. Give m(u).
0
Let g(b) be the second derivative of 2*b**3/3 - 143*b**2/2 - 1872*b. Determine g(35).
-3
Let t(c) = 7*c**2 + 13*c - 21. Let f(d) = -15*d**2 - 28*d + 45. Let u(z) = 6*f(z) + 13*t(z). Let p = -4 - -1. Calculate u(p).
3
Let j(i) = 387 + 2*i + 4*i - 66 - 278 - 5*i. What is j(-19)?
24
Let o = -8 + 3. Let v(x) = 2*x - 55. Let s(g) = -g + 28. Let t(